ppose 0 = 3*s - 3*o - 23 - 364, -5*s + 2*o = -660. Let q = s + -81. Is q composite?
False
Let x(f) = -5*f**2 - 9*f + 7. Let w(c) = -6*c**2 - 10*c + 8. Let s(o) = 4*w(o) - 5*x(o). Let b be s(-7). Let i = b - 8. Is i a prime number?
True
Let g = 270 - 59. Is g composite?
False
Let h = -28 - -19. Let o be (-2)/h - (-116)/(-36). Is (-14)/o*(-9)/(-3) a composite number?
True
Let g be 4/(-2) - (-6)/3. Suppose g*d = -4*d - 8. Is (1/d)/((-6)/1884) a prime number?
True
Suppose 3*h + 29 - 163 = -2*w, h + 77 = w. Suppose -4*z + 4*f + w = -f, -5*z + 2*f + 87 = 0. Suppose -3*p - 2*c = -153, -c - 73 = -p - z. Is p a prime number?
True
Let o = -5 - -10. Let m = o + -2. Suppose m*q - 174 = -5*w, 2*w + 0*w + 5*q - 81 = 0. Is w composite?
True
Let d(z) = 40*z**3 + z**2 - 3*z + 11. Is d(3) a composite number?
False
Is (-48909)/(-105) - (-2)/10 prime?
False
Let k = -3 - -7. Suppose -k*g + 7*g = 12. Suppose u = -5*b + 105, -g*b + 28 + 56 = 2*u. Is b a prime number?
False
Suppose -n = -16 + 9. Let f = -17 + 26. Is f/(-21) - (-136)/n a composite number?
False
Suppose 0 = -2*d - 339 + 2009. Is d prime?
False
Let t = 536 + -157. Is t a prime number?
True
Let b(r) = r**3 + 4*r**2 - r + 1. Let j be ((-2)/4)/(5/40). Let n be b(j). Suppose 0 = n*k - 3*k - 110. Is k a composite number?
True
Is 782/6 + -2*(-6)/18 a prime number?
True
Let r = -10 - -5. Let m = 14 + r. Is m prime?
False
Suppose o - 4 + 1 = 0. Let b(j) = -1 + 4 + 8*j - 2*j. Is b(o) composite?
True
Suppose 0 = 7*v - 6*v. Suppose 4*t + 70 - 426 = v. Is t composite?
False
Let q(h) = -2*h. Let p be q(1). Is (-2 + 1)/(p/46) a composite number?
False
Is -1346*-3*1/6 a composite number?
False
Let a(f) = f**2 + 3*f - 2. Let g be a(-3). Let p be 2*1/g*1. Is 0 + -38*(p + 0) prime?
False
Suppose 5*u - 9 = -l, 3*l + u - 5 - 8 = 0. Suppose x + 16 = -4*h, -l*x - x - 2*h + 10 = 0. Suppose 9*d = x*d + 215. Is d a composite number?
False
Suppose -5*t = -b - 31, -5*t + 37 = 5*b + 12. Let m be (12 - t) + 1 + -2. Suppose 0 = -f + m*f - 652. Is f a composite number?
False
Let n(t) = 2*t + 6*t**2 - 3*t**2 - 9*t + 10 - 7*t. Is n(9) a prime number?
True
Let f = -4 + 6. Let q = 4 - f. Is q + (158 - -2) - -1 a prime number?
True
Suppose -19 = -4*l - 3, 0 = -m - 4*l + 18. Suppose -142 = -m*f + 2*z, -f - 2*z - 276 = -5*f. Is f composite?
False
Let m be (-1)/(-2*(-4)/(-24)). Suppose -m*y + 7*y - 1324 = 0. Is y prime?
True
Suppose 0 = 4*j - 4, 5*j = -5*i - 0*i + 15. Suppose 0 = i*g + 2*q + 6, 4*q = -0*g + g - 17. Is (3 + 1 + g)*2 composite?
True
Suppose -4*i = -2624 - 4452. Is i prime?
False
Let q(b) = -10*b**2 + 2*b - 1. Let d be q(2). Let t = -18 - d. Is t composite?
False
Let r = -274 - -531. Is r composite?
False
Suppose 0 = 2*r - 2, 0 = n - 3*r - 1 + 2. Suppose -n*k + 120 = k. Let y = 43 + k. Is y a prime number?
True
Suppose 3*n - 16 + 2 = 5*x, 3*n = x + 10. Let g be 81/(x/(2/2)). Let u = g + 127. Is u composite?
True
Let u(n) = 211*n**2 + 2*n + 2. Is u(-1) a prime number?
True
Let k(j) = -6. Let v(d) = -d + 7. Let a be (-1)/((-1)/(5 + 1)). Let u(f) = a*k(f) + 5*v(f). Is u(-4) a composite number?
False
Let o(s) = -3 - 3*s**2 - 1 - s**3 + 0*s**2 + 4*s. Is o(-5) a prime number?
False
Suppose 0 = -5*r + 3*u + 2033, -802 = -5*r + 3*r + 4*u. Is r a prime number?
True
Suppose -3*f + 602 = -0*b + 4*b, 0 = -5*f - 2*b + 1008. Is f prime?
False
Is (-2)/14 - (-492)/14 a composite number?
True
Let x(d) = 2*d**3 - d - 1. Suppose k - 4*k = 4*s + 4, -4*k = 0. Let g be x(s). Is (92/16)/(g/(-8)) prime?
True
Suppose b - 5*b = 76. Is 10*(0 - b) + 1 prime?
True
Suppose 2*g + 584 = -4*d, -3*d + g - 716 = 2*d. Let p = d - -237. Suppose 4*a - 31 = p. Is a composite?
False
Is 3144/36*3/2 a prime number?
True
Let q(h) = -h**3 + 9*h**2 - 8*h + 2. Let m(n) = n**3 + 8*n**2 - 2*n - 8. Let y be m(-8). Is q(y) a prime number?
True
Suppose 2*n - 528 = -n + 3*r, r = 3*n - 522. Suppose n = 5*v - 92. Is v a composite number?
False
Suppose -15 - 17 = -2*l + 4*o, l - 24 = 4*o. Let r be -4*(2 - 11/4). Suppose -7*k = -r*k + l, -3*a - k + 16 = 0. Is a composite?
True
Let o be 11/2*208/4. Let p = o + -123. Is p composite?
False
Suppose 8*a - 11*a = -3651. Is a prime?
True
Let y = 4 + 1. Suppose 2*m = 3*c + 52, 4*m + y*c - 84 = -2. Is m prime?
True
Is (0/2 - (0 - 1))*331 composite?
False
Let l(i) = -i**3 + i**2 - i + 169. Let d = -3 + 3. Let x be l(d). Suppose -2*c = -3*o + x, -2*c = 2*c - 4. Is o a prime number?
False
Let r(q) = 2*q**2 - 6*q - 1. Let g be r(-5). Let d = 116 - g. Is d composite?
False
Suppose 2*b + 3*b = -o + 786, 4*o - 458 = -3*b. Is b a composite number?
True
Suppose 0 = 2*w - 2*v + 2, -v - 5 = w - 3*v. Suppose -4*f + 447 = z, 608 = 5*f - w*z + 28. Is f a composite number?
False
Suppose 0 = -0*o - 4*o - 236. Let n = o - -146. Let i = -40 + n. Is i composite?
False
Let s be 55/3 - (-3)/(-9). Suppose 5*k - 83 = -s. Is k prime?
True
Suppose -4*k = -74 + 26. Let p = k + -5. Is p a composite number?
False
Suppose 5*f - 40 = -r, 0 = -5*r + 2*f + 4 + 277. Is r a composite number?
True
Let v be -1 + 5 + 2*-1. Let d be ((-4)/1)/(v/(-3)). Suppose -w - 3*x + 5 = -d, 4*x = 0. Is w a prime number?
True
Let w = -478 + 729. Is w prime?
True
Let c = 13 + -37. Is (2/3)/(c/(-8892)) prime?
False
Let m = -3068 - -4963. Is m a composite number?
True
Suppose 0*m - 777 = -3*m. Is m a composite number?
True
Suppose 3028 - 480 = -4*s. Let z = -252 - s. Suppose -2*j = 3*j - z. Is j prime?
False
Suppose 3*u + 12 = 2*h, 3*h - 6*h + 2*u = -8. Suppose -o + w + h = -2, -2*o + 4*w - 2 = 0. Suppose 0 = -0*j - o*j + 165. Is j prime?
False
Let x = 5 + 23. Is x*((-154)/8)/(-7) prime?
False
Let j be (12/15)/(3/15). Let l be j*1 - (-1 + 3). Suppose 0 = -5*t - l*p + 68 + 7, 3*t - 45 = -p. Is t composite?
True
Suppose -2*i - 3*i - 885 = 0. Is (20/(-30))/(1/i) a prime number?
False
Let m(f) = 90*f**3 - 1. Is m(1) a composite number?
False
Let j = -6 + 9. Suppose -j*o + 138 + 123 = 0. Is o prime?
False
Let a(u) be the third derivative of u**5/12 + u**4/4 + u**3/2 + u**2. Is a(8) a composite number?
True
Let v = 6 - 4. Suppose -6 = -5*r + v*r. Suppose s - 6 = -4*y, -3*s - r*s = 3*y - 98. Is s a prime number?
False
Let k be (-2)/10 + 51/5. Let v = k - 1. Let w = v + -3. Is w prime?
False
Let t = -20 + 51. Is t composite?
False
Suppose 2*w + 9 - 35 = 0. Is w prime?
True
Let h(k) = -263*k**3 + 5*k**2 + 5*k + 5. Is h(-2) composite?
True
Let r = 289 + -30. Is r composite?
True
Suppose 3*m + 2244 = 2*i - 0*m, 5*m = -i + 1109. Is i prime?
False
Let d(g) = -g**3 - 18. Let m be d(0). Suppose -2*y - 140 = -52. Let l = m - y. Is l composite?
True
Let l(d) = 87*d + 1. Let c be l(1). Let p = c + 97. Is p a prime number?
False
Let x be (-2)/4*-2 + 4. Is 73 + (2 - x) - 3 a prime number?
True
Suppose 2110 = 3*d - 719. Is d a composite number?
True
Let h = -64 + 46. Let g = 8 + h. Let w(b) = -b**3 - 8*b**2 + 13*b + 15. Is w(g) a prime number?
False
Suppose -3*y = 54 + 18. Is 6/8 + (-6390)/y a composite number?
True
Suppose -c + 81 = -5*j - 15, 210 = 2*c - j. Is c a composite number?
True
Suppose 0 = 5*r - 10 - 0. Suppose r = 2*b - 24. Is b a prime number?
True
Let u be (-1 - -2) + 6/2. Suppose 2*n + 106 = 2*a, -u*a + 3*n = n - 222. Is a prime?
False
Let m be ((-219)/(-2))/(3/6). Suppose -3*s = -m - 72. Is s prime?
True
Let g = 4 - 2. Suppose -g*b = -0*b. Suppose b*a - 26 = -2*a. Is a composite?
False
Let s(g) = g**3 + 18*g**2 - 11*g - 1. Is s(-11) prime?
True
Is (-8)/(-14) + (-143)/(-7) a prime number?
False
Let k = 10 + -5. Let l(c) = 3*c**2 - 5*c - 1. Let u(p) = -1. Let v(r) = l(r) - 6*u(r). Is v(k) prime?
False
Let m = 4304 - 2304. Suppose -5*a + m = -a. Suppose -5*f + 315 = -a. Is f a composite number?
False
Let f(d) be the second derivative of 5*d**4/12 - d**3/6 + 3*d**2/2 - 8*d. Is f(4) composite?
False
Suppose -n - 1 = -3*y, -2*n = -y - 0*n + 2. Let w = y - 1. Is -1 + 0 + 13 + w a composite number?
False
Let u = -19 - -42. Is u composite?
False
Suppose i + 3*o = 11, -2*o + 4*o = -4. Suppose -i = 2*v - 5. Is (44/6)/(v/(-27)) composite?
True
Let h = 156 + 7. Is h prime?
True
Suppose -j + 4 = -8. Let i = 17 - j. Suppose 18 = -i*w + 73. Is w a prime number?
True
Let k(a) = -3*a - 13. Let q be k(-6). Suppose 655 = q*v + 65. Is v a composite number?
True
Let j = -13 + 6. Is (j - 0)*(-105 + -2) a composite num